culate the remainder when z is divided by 8.
4
Let c = 950 - 908. What is the remainder when 164 is divided by c?
38
Let z = -118 + 142. Let q(y) = -y**3 - y**2 - y + 9. What is the remainder when z is divided by q(0)?
6
Suppose 5*s + 14*l - 13*l = 51, -s + 2*l = -19. What is the remainder when 34 is divided by s?
1
What is the remainder when 211 is divided by ((-4)/2)/((-26)/572)?
35
Suppose -11*z + 16 = -7*z. Calculate the remainder when (-3)/5 - 477/(-45) is divided by z.
2
Suppose 37850 = 18*p + 13118. Calculate the remainder when p is divided by 16.
14
Let d be (3/2)/(38/16 - 2). Suppose -3*j = d*j - 161. What is the remainder when 114 is divided by j?
22
Let a = 16 + 7. Let s(m) be the third derivative of m**4/24 + 13*m**3/6 - 3*m**2. What is the remainder when a is divided by s(-7)?
5
Suppose -12*b + 114 = -1830. What is the remainder when b is divided by 15?
12
Calculate the remainder when 196/2 - (-1 + (-7 - -5)) is divided by 60.
41
Let j(k) = k**2 - 5*k - 33. Calculate the remainder when 130 is divided by j(10).
11
Let w(n) = n**3 - n**2 - n + 20. Let d = 10 + -5. Suppose 2*h - 1 = 2*z + 1, -d*h = 4*z - 5. Calculate the remainder when 38 is divided by w(z).
18
Suppose -3*n + 4408 = -959. What is the remainder when n is divided by 64?
61
Suppose 4*o - 82 = 5*u - 368, 2*o = -8. Suppose 0 = -w - v + 16, 0*w + v = 4*w - u. Let m = 10 + -2. Calculate the remainder when w is divided by m.
6
Suppose 12 = -2*h - 3*y, -3*y - 6 = h - 5*y. What is the remainder when (-7 - -4)/(h/140) is divided by -4*(-6 + (-4 - -7))?
10
Suppose 0 = s + 2*q + 1, 3*s - 5*q = -4*q + 32. What is the remainder when 74 is divided by s?
2
Let c = -545 - -560. What is the remainder when c is divided by 2?
1
Let y = -14 + 16. Suppose 2*s + 4*b - 88 = 0, -2*s + 35 = y*b - 51. What is the remainder when s is divided by 11?
9
Let z be (-30)/4*(-384)/(-72). Let f = z + 89. What is the remainder when 143 is divided by f?
45
Let q = 136 - 86. Suppose -65*z + q = -60*z. What is the remainder when 88 is divided by z?
8
Suppose -5*i + 4*b + 74 + 38 = 0, -3*i - 3*b = -51. Calculate the remainder when (1 - 0)/((-1)/(-58)) is divided by (-5)/i*-82 + (-1)/2.
18
Suppose 3*r + g = 50, -2*r - 2*g + 20 = -r. Suppose 76 - r = 4*d. Suppose 2*w - 97 = d. Calculate the remainder when w is divided by 15.
11
Let w be (-28)/(-12) + (-2)/6 + 15. Suppose 4*i - 31 = 3*i - 2*u, -5*u - w = -2*i. Calculate the remainder when 62 is divided by i.
20
Suppose 0 = u - 0*p + p - 71, 346 = 5*u + 2*p. What is the remainder when u is divided by 36?
32
Let x(b) = 161*b - 22. What is the remainder when x(1) is divided by 48?
43
Let u be -1 + 2 + 35*1. Suppose 83 = -5*j - 22. Let g = u + j. Calculate the remainder when 42 is divided by g.
12
Let j be (224/(-2))/(-9 + 7). Let u = j - 32. Calculate the remainder when u is divided by 13.
11
Let i = -874 - -891. Calculate the remainder when 82 is divided by i.
14
Let b = -192 + 259. What is the remainder when 333 is divided by b?
65
Let y be (23 - 7)/(-8)*1/(-1). Let z(l) = 4*l**2 + l - 1. Calculate the remainder when z(y) is divided by 9.
8
Let i(v) = 13*v**2 + 26*v + 154. Calculate the remainder when i(-8) is divided by 71.
68
Let x = -27 + 43. Suppose -3*r + 3*v + 129 = 0, r - 4*v + 0*v = 34. Calculate the remainder when r is divided by x.
14
Suppose -60 = 10*u + 570. Let v = 130 + u. What is the remainder when v is divided by 23?
21
Suppose -7*g + 10*g - 51 = 0. Let m be (-44)/(-11) + (-1 - -44). Suppose -p - v - v + 37 = 0, 5*v + m = 2*p. Calculate the remainder when p is divided by g.
14
Suppose -29*b + 25*b + 4*c = -12, c = 5*b - 35. What is the remainder when 18 is divided by b?
2
Calculate the remainder when 5/(30/(-8))*846/(-4) is divided by 21.
9
Let z(v) = 19*v - 72. Calculate the remainder when z(18) is divided by 68.
66
Let i(g) be the first derivative of -g**3/3 - 7*g**2 + 20*g + 1. Calculate the remainder when i(-13) is divided by 19.
14
Let o be 168/49 + 3/(-7). Suppose 5*n = -4*z + 77, -z - 4*n + 80 = o*z. What is the remainder when z is divided by 13?
10
Let c(u) = 7*u + 16. Let a = 5 + 8. Calculate the remainder when c(3) is divided by a.
11
Let w = -8 + -3. Let g(u) = -u**3 - 11*u**2 - 3*u - 2. What is the remainder when g(w) is divided by 13?
5
Let a be (3/4)/(2/48). Let b(u) = -u**3 - 29*u**2 + 30*u + 1. Calculate the remainder when 12/a*(-6)/(-4) is divided by b(-30).
0
What is the remainder when 164 is divided by 93/2*8/12?
9
Let u(q) = q**3 - 2*q**2 - q + 1. Let w be u(2). Suppose v + 22 = 3*v. What is the remainder when (5 - 31)*(-3 + (-1)/w) is divided by v?
8
Suppose -q = -4*y - 23 - 3, 5*q - 3*y = 113. Let w = -7 + 10. Suppose -6*c + w*c + 39 = 3*h, h - 11 = c. Calculate the remainder when q is divided by h.
10
Let k be (-18)/12*(-8)/3. Suppose 6*m - 31 = -x + 2*m, -k*m = -5*x + 275. Calculate the remainder when x is divided by 13.
12
Let x(s) = 5*s + 16. Let h be x(0). Suppose -18*z = -h*z - 66. Suppose 0 = 2*n - 19 - 241. Calculate the remainder when n is divided by z.
31
Suppose 4*q - 150 = -5*w, 3*q - 182 = -5*w - 27. Suppose -61 - 71 = -2*l. Calculate the remainder when l is divided by w.
32
What is the remainder when 321 is divided by (4 - -86)*(2 + 8/(-5))?
33
Let s = -73 - -72. What is the remainder when 82 is divided by 20/80 + 167*s/(-4)?
40
Suppose -3 + 53 = 5*w. Suppose -3*u + 203 = 14*g - 13*g, -u + 71 = -3*g. Calculate the remainder when u is divided by w.
8
Suppose 1 = c - 3*m - 4, -5*m = -3*c + 11. Suppose -c*y - 2*w = -5*y + 30, 4*w + 4 = -y. Calculate the remainder when y is divided by 6.
2
Let t(p) = -57*p + 45. Let q be t(6). Let l = -163 - q. What is the remainder when l is divided by 23?
19
Suppose 3*f = 22 + 26. Suppose 0 = -9*s + 20 + 70. Calculate the remainder when f is divided by s.
6
Suppose 0 = 4*o - 1 - 11. Let q(x) = x**3 - x**2 + 3. What is the remainder when 60 is divided by q(o)?
18
Let j(b) = -b**2 + b + 2. Let v be j(0). Let x(f) = 2*f**2 - 2*f + 4. What is the remainder when 37 is divided by x(v)?
5
Let g(c) = -c**3 - 6*c**2 - 7*c - 1. Let n = 28 + -28. Suppose n = 3*m - 0*m - j - 44, m = -2*j + 24. What is the remainder when m is divided by g(-5)?
7
Let d = -47 + 50. Suppose d*v - 38 = v. Calculate the remainder when v is divided by 7.
5
Let c be 2/(-5) - 384/(-60). Suppose c*y + 45 = 9*y. Suppose 4*s = 2*p + 53 - 13, -4*p - 56 = -5*s. Calculate the remainder when y is divided by s.
7
Calculate the remainder when ((-15224)/66)/((-6)/9) is divided by 10.
6
Let i = -27 + 54. What is the remainder when 76 is divided by i?
22
Suppose -5*j + 40 = 4*o, -5*j + 25 = -o + 2*o. Suppose -2*r + 5*t = -30, t + 50 = j*r - 4*t. What is the remainder when 139 is divided by r?
9
Let o = 53 + -22. Let z(w) = -8*w + 106. What is the remainder when o is divided by z(11)?
13
Suppose 7*p - 2*p + r - 662 = 0, 0 = -3*p - 2*r + 400. Calculate the remainder when p is divided by 34.
30
Suppose -3*v + l = 5*l, -2*l = -v. Suppose -x = -v*x - 11. Let u(w) = -6*w. What is the remainder when x is divided by u(-1)?
5
Suppose -4*h + 0*h = -4*c - 60, 3*h - 5*c = 49. Calculate the remainder when h is divided by (-7)/(-7 + (-36)/(-6)).
6
Suppose -2*x - x = 0. Suppose 2*t + x*t - 8 = 0. Suppose 12*r - 29*r + 238 = 0. Calculate the remainder when r is divided by t.
2
Suppose -3*z = -45 - 195. What is the remainder when z is divided by 31?
18
Let p(j) be the first derivative of -j**4/4 + 4*j**3 - 11*j**2/2 + 10*j - 15. What is the remainder when 56 is divided by p(11)?
6
Let w = 65 + -37. What is the remainder when w is divided by (5 - (-6 + 5 - -38))/(-2)?
12
Suppose -36*o + 5710 = -5810. Calculate the remainder when o is divided by 17.
14
Suppose 2*t + 5*y = 4, -2*y + 13 = -3*t + 57. Suppose -t*q = q - 858. Calculate the remainder when q is divided by 17.
15
Let d be 3 + -2 - -4*31. Let m = d - 71. Calculate the remainder when 213 is divided by m.
51
Let x(c) = c**2 - 7*c + 10. Suppose 4*i - 2 - 33 = -3*q, 4*q = -3*i + 35. Let o be x(i). Let t(b) = 2*b + 20. What is the remainder when t(o) is divided by 7?
6
Suppose 0 = 3*j - 3*x - 105, 7*j - 108 = 3*j - 4*x. Calculate the remainder when 162 is divided by j.
7
Let o(k) = 18*k**2 - 12*k + 15. Calculate the remainder when o(4) is divided by 43.
40
Let b(n) = -2*n - 8. Let j = -9 +